hat is the greatest common divisor of 2068 and 1276?
44
What is the greatest common divisor of 6693336 and 936?
936
Calculate the greatest common factor of 1572 and 53972.
524
Calculate the highest common divisor of 117433 and 4859.
43
Calculate the highest common factor of 117 and 128313.
9
Calculate the highest common divisor of 213503 and 1938.
323
What is the greatest common divisor of 1092 and 61776?
156
What is the greatest common divisor of 234 and 20952?
18
Calculate the greatest common factor of 250 and 33875.
125
Calculate the greatest common divisor of 251913 and 8253.
393
What is the greatest common divisor of 15 and 5349?
3
What is the highest common factor of 270 and 22059?
27
What is the highest common factor of 6123 and 1352?
13
Calculate the highest common factor of 872 and 11864.
8
What is the highest common divisor of 62829 and 52?
13
What is the highest common divisor of 147 and 16521?
3
Calculate the highest common factor of 39 and 6186.
3
Calculate the greatest common divisor of 7956 and 125424.
468
What is the greatest common factor of 11186253 and 201?
201
What is the greatest common factor of 60762 and 156?
78
Calculate the highest common divisor of 399 and 133.
133
What is the greatest common divisor of 30474 and 72?
18
What is the highest common factor of 885 and 3976305?
885
Calculate the greatest common divisor of 1124 and 682268.
1124
What is the greatest common factor of 152340 and 120?
60
Calculate the highest common factor of 276 and 26916.
12
Calculate the greatest common divisor of 3738 and 92382.
534
Calculate the highest common factor of 29459 and 16219.
331
What is the highest common divisor of 2268884 and 1236?
412
Calculate the highest common divisor of 23941 and 3471.
89
What is the highest common factor of 35 and 1020978?
7
What is the greatest common divisor of 1717 and 80497?
101
What is the highest common factor of 83 and 1485119?
83
What is the highest common divisor of 16 and 5288?
8
Calculate the greatest common divisor of 3461931 and 198.
99
Calculate the greatest common factor of 2726 and 41760.
58
What is the greatest common factor of 7 and 1715?
7
What is the highest common divisor of 160342 and 182?
182
Calculate the highest common factor of 42 and 17206.
14
Calculate the highest common divisor of 172 and 23564.
172
Calculate the greatest common factor of 2480 and 87880.
40
Calculate the greatest common factor of 2460 and 1357305.
615
Calculate the greatest common factor of 30 and 203622.
6
What is the greatest common factor of 174 and 8786478?
174
Calculate the highest common factor of 63 and 3600.
9
Calculate the highest common divisor of 128 and 39200.
32
Calculate the highest common divisor of 405 and 12180.
15
What is the highest common factor of 573 and 2975971?
191
Calculate the highest common factor of 4563 and 4.
1
What is the highest common divisor of 12 and 204688?
4
What is the highest common factor of 89 and 11392?
89
What is the highest common factor of 78010 and 15370?
290
What is the greatest common factor of 13865 and 13?
1
Calculate the highest common divisor of 22713 and 2010.
201
Calculate the highest common factor of 273 and 42406.
91
What is the greatest common divisor of 102646 and 272?
34
What is the highest common divisor of 28308 and 1428?
84
What is the greatest common divisor of 219 and 792?
3
Calculate the highest common divisor of 2997021 and 3.
3
What is the highest common factor of 689 and 5122?
13
Calculate the greatest common factor of 12362 and 462.
14
What is the highest common divisor of 2052 and 4484?
76
What is the greatest common factor of 548172 and 36?
36
What is the greatest common divisor of 708 and 5844?
12
What is the highest common divisor of 74452 and 3500?
28
Calculate the highest common factor of 54 and 1942.
2
What is the greatest common factor of 386 and 419968?
386
What is the greatest common factor of 118 and 610473?
59
Calculate the highest common divisor of 138630 and 2730.
30
Calculate the greatest common divisor of 295 and 9794.
59
What is the greatest common divisor of 55 and 27785?
5
Calculate the highest common divisor of 1440 and 114336.
288
Calculate the highest common divisor of 63 and 308.
7
Calculate the greatest common divisor of 182591 and 1163.
1163
Calculate the highest common divisor of 2590 and 455.
35
Calculate the highest common factor of 2592 and 34.
2
Calculate the highest common factor of 40900 and 6750.
50
Calculate the highest common divisor of 56314 and 592.
74
What is the highest common divisor of 30 and 1078530?
30
Calculate the greatest common divisor of 559 and 9632.
43
What is the highest common divisor of 357 and 4066349?
119
Calculate the highest common factor of 4640 and 3915.
145
Calculate the highest common factor of 1130613 and 33.
33
What is the greatest common divisor of 1386 and 88869?
33
Calculate the highest common divisor of 482 and 86278.
482
Calculate the greatest common divisor of 697029 and 849.
849
What is the greatest common factor of 2442 and 2684?
22
Calculate the greatest common factor of 51811 and 985.
197
What is the greatest common factor of 76279 and 238?
119
Calculate the greatest common divisor of 864 and 57384.
72
Calculate the greatest common factor of 624 and 36231.
39
Calculate the highest common divisor of 24 and 652428.
12
What is the greatest common divisor of 286065 and 180?
45
Calculate the highest common factor of 194275 and 380.
95
What is the highest common divisor of 16332 and 60?
12
What is the greatest common divisor of 10797 and 2989?
61
What is the highest common divisor of 49816 and 2405?
13
Calculate the highest common factor of 11 and 238172.
11
Calculate the highest common divisor of 34102 and 136.
34
Calculate the highest common divisor of 8384 and 320.
64
What is the greatest common factor of 565 and 45991?
113
Calculate the greatest common factor of 16552 and 8.
8
Calculate the greatest common factor of 42 and 31080.
42
Calculate the greatest common factor of 14 and 332934.
14
What is the highest common factor of 9139 and 116883?
481
What is the greatest common factor of 46089 and 569?
569
What is the highest common factor of 20 and 136580?
20
Calculate the greatest common factor of 61934 and 1384.
346
What is the highest common divisor of 81 and 20547?
27
Calculate the greatest common factor of 3549 and 47775.
273
What is the greatest common divisor of 72 and 37656?
72
Calculate the highest common divisor of 27811 and 147.
7
Calculate the highest common factor of 12928 and 302192.
1616
Calculate the greatest common divisor of 80 and 815.
5
Calculate the greatest common divisor of 111763 and 73.
73
Calculate the greatest common factor of 3285 and 137605.
365
Calculate the highest common factor of 57 and 286197.
57
What is the greatest common divisor of 9 and 155151?
9
Calculate the highest common divisor of 3104 and 35308.
388
What is the greatest common divisor of 771 and 7967?
257
What is the greatest common factor of 1578 and 60?
6
Calculate the greatest common divisor of 98 and 23814.
98
What is the greatest common factor of 70290 and 35310?
330
Calculate the highest common divisor of 771 and 8972127.
771
What is the greatest common divisor of 902456 and 8?
8
What is the highest common factor of 276 and 973452?
276
Calculate the greatest common factor of 1992 and 304527.
249
What is the highest common divisor of 912 and 247152?
912
Calculate the greatest common divisor of 4102 and 7924.
14
What is the highest common factor of 8 and 478?
2
Calculate the greatest common factor of 6563790 and 45.
45
Calculate the highest common divisor of 833 and 51793.
49
What is the highest common factor of 101670 and 240?
30
Calculate the highest common factor of 72 and 163888.
8
Calculate the greatest common factor of 846 and 198.
18
Calculate the greatest common divisor of 140 and 10745.
35
What is the greatest common factor of 4543 and 127853?
649
What is the highest common factor of 1740 and 68340?
60
What is the highest common divisor of 63451 and 10081?
593
What is the greatest common divisor of 12 and 1135284?
12
What is the highest common divisor of 112 and 161?
7
Calculate the highest common divisor of 7770 and 840.
210
Calculate the highest common divisor 